{"id":958,"date":"2023-06-22T11:05:40","date_gmt":"2023-06-22T09:05:40","guid":{"rendered":"https:\/\/passion-geobiologie.fr\/?page_id=958"},"modified":"2025-01-08T10:48:09","modified_gmt":"2025-01-08T09:48:09","slug":"confidentialite","status":"publish","type":"page","link":"https:\/\/passion-geobiologie.fr\/index.php\/confidentialite\/","title":{"rendered":"Confidentialit\u00e9"},"content":{"rendered":"\t\t<div data-elementor-type=\"wp-page\" data-elementor-id=\"958\" class=\"elementor elementor-958\">\n\t\t\t\t\t\t<section class=\"elementor-section elementor-top-section elementor-element elementor-element-c9eff2f elementor-section-boxed elementor-section-height-default elementor-section-height-default\" data-id=\"c9eff2f\" data-element_type=\"section\" data-e-type=\"section\">\n\t\t\t\t\t\t<div class=\"elementor-container elementor-column-gap-default\">\n\t\t\t\t\t<div class=\"elementor-column elementor-col-100 elementor-top-column elementor-element elementor-element-c4becb4\" data-id=\"c4becb4\" data-element_type=\"column\" data-e-type=\"column\">\n\t\t\t<div class=\"elementor-widget-wrap elementor-element-populated\">\n\t\t\t\t\t\t<div class=\"elementor-element elementor-element-db0b2c5 elementor-widget elementor-widget-text-editor\" data-id=\"db0b2c5\" data-element_type=\"widget\" data-e-type=\"widget\" data-widget_type=\"text-editor.default\">\n\t\t\t\t<div class=\"elementor-widget-container\">\n\t\t\t\t\t\t\t\t\t<p><strong>Politique de confidentialit\u00e9 de PASSION GEOBIOLOGIE<\/strong><\/p>\n<p>La pr\u00e9sente Politique de confidentialit\u00e9 d\u00e9crit la fa\u00e7on dont vos informations personnelles sont recueillies, utilis\u00e9es et partag\u00e9es lorsque vous vous rendez sur https:\/\/passion-geobiologie.fr\/ ou en utilisant nos formulaires de contact.<\/p>\n<p><b>INFORMATIONS PERSONNELLES RECUEILLIES<\/b><\/p>\n<p>Lorsque vous vous rendez sur le Site, nous recueillons automatiquement certaines informations concernant votre appareil, notamment des informations sur votre navigateur web, votre adresse IP, votre fuseau horaire et certains des cookies qui sont install\u00e9s sur votre appareil. En outre, lorsque vous parcourez le Site, nous recueillons des informations sur les pages web ou produits individuels que vous consultez, les sites web ou les termes de recherche qui vous ont permis d\u2019arriver sur le Site, ainsi que des informations sur la mani\u00e8re dont vous interagissez avec le Site.&nbsp;<\/p>\n<p>Vos informations servent uniquement \u00e0 la r\u00e9ussite de votre exp\u00e9rience de visite et \u00e0 la prise de contact par notre formulaire.<\/p>\n<p><b>COMMENT UTILISONS-NOUS VOS INFORMATIONS PERSONNELLES&nbsp;?<\/b><\/p>\n<p>En r\u00e8gle g\u00e9n\u00e9rale, nous utilisons les Informations sur la prise de contact que nous recueillons pour traiter votre demande. En outre, nous utilisons ces Informations pour&nbsp;:<br>communiquer avec vous&nbsp;; \u00e9valuer les fraudes ou risques potentiels&nbsp;; et lorsque cela correspond aux pr\u00e9f\u00e9rences que vous nous avez communiqu\u00e9es, vous fournir des informations ou des publicit\u00e9s concernant nos produits ou services. Nous utilisons les Informations sur l\u2019appareil (en particulier votre adresse IP) que nous recueillons pour \u00e9valuer les fraudes ou risques potentiels et, de mani\u00e8re plus g\u00e9n\u00e9rale, pour am\u00e9liorer et optimiser notre Site (par exemple, en g\u00e9n\u00e9rant des analyses sur la fa\u00e7on dont nos clients parcourent et interagissent avec le Site, et pour \u00e9valuer la r\u00e9ussite de nos campagnes de publicit\u00e9 et de marketing).<\/p>\n<p><b>PARTAGE DE VOS INFORMATIONS PERSONNELLES<\/b><\/p>\n<p>Nous partageons vos Informations personnelles avec des tiers qui nous aident \u00e0 les utiliser aux fins d\u2019\u00e9crites pr\u00e9c\u00e9demment. Par exemple, nous utilisons Hostinger pour h\u00e9berger notre site internet \u2013 pour en savoir plus sur l\u2019utilisation de vos Informations personnelles par&nbsp;<a href=\"https:\/\/www.hostg.xyz\/SH9nC\">Hostinger<\/a>. Nous utilisons \u00e9galement Google Analytics pour mieux comprendre comment nos clients utilisent le Site \u2013 pour en savoir plus sur l\u2019utilisation de vos Informations personnelles par Google, veuillez consulter la page suivante&nbsp;: https:\/\/www.google.com\/intl\/fr\/policies\/privacy\/. Vous pouvez aussi d\u00e9sactiver Google Analytics ici&nbsp;: https:\/\/tools.google.com\/dlpage\/gaoptout.<\/p>\n<p>Enfin, il se peut que nous partagions aussi vos Informations personnelles pour respecter les lois et r\u00e8glementations applicables, r\u00e9pondre \u00e0 une assignation, \u00e0 un mandat de perquisition ou \u00e0 toute autre demande l\u00e9gale de renseignements que nous recevons, ou pour prot\u00e9ger nos droits.<\/p>\n<p>Comme indiqu\u00e9 ci-dessus, nous utilisons vos Informations personnelles pour vous proposer des publicit\u00e9s cibl\u00e9es ou des messages de marketing qui, selon nous, pourraient vous int\u00e9resser.&nbsp;<\/p>\n<p><strong>NE PAS SUIVRE<\/strong><\/p>\n<p>Veuillez noter que nous ne modifions pas la collecte de donn\u00e9es de notre Site et nos pratiques d\u2019utilisation lorsque nous d\u00e9tectons un signal \u00ab&nbsp;Ne pas suivre&nbsp;\u00bb sur votre navigateur.<\/p>\n<p><strong>VOS DROITS<\/strong><\/p>\n<p>Si vous \u00eates r\u00e9sident(e) europ\u00e9en(ne), vous disposez d\u2019un droit d\u2019acc\u00e8s aux informations personnelles que nous d\u00e9tenons \u00e0 votre sujet et vous pouvez demander \u00e0 ce qu\u2019elles soient corrig\u00e9es, mises \u00e0 jour ou supprim\u00e9es. Si vous souhaitez exercer ce droit, veuillez nous contacter au moyen des coordonn\u00e9es pr\u00e9cis\u00e9es ci-dessous.<br>Par ailleurs, si vous \u00eates r\u00e9sident(e) europ\u00e9en(ne), notez que nous traitons vos informations dans le but de remplir nos obligations contractuelles \u00e0 votre \u00e9gard ou de poursuivre nos int\u00e9r\u00eats commerciaux l\u00e9gitimes, \u00e9num\u00e9r\u00e9s ci-dessus.&nbsp;<\/p>\n<p><strong>R\u00c9TENTION DES DONN\u00c9ES<\/strong><\/p>\n<p>Lorsque vous remplissez un formulaire par l\u2019interm\u00e9diaire du Site, nous conservons les Informations sur votre demande dans nos dossiers, jusqu\u2019\u00e0 ce que vous nous demandiez de les supprimer.<\/p>\n<p><strong>CHANGEMENTS<\/strong><\/p>\n<p>Nous pouvons \u00eatre amen\u00e9s \u00e0 modifier la pr\u00e9sente politique de confidentialit\u00e9 de temps \u00e0 autre afin d\u2019y refl\u00e9ter, par exemple, les changements apport\u00e9s \u00e0 nos pratiques ou pour d\u2019autres motifs op\u00e9rationnels, juridiques ou r\u00e9glementaires.<\/p>\n<p><strong>NOUS CONTACTER<\/strong><\/p>\n<p>Pour en savoir plus sur nos pratiques de confidentialit\u00e9, si vous avez des questions ou si vous souhaitez d\u00e9poser une r\u00e9clamation, veuillez nous contacter par e-mail \u00e0&nbsp;<b>contact@passion-g\u00e9obiologie.fr<\/b>&nbsp;ou par courrier \u00e0 l\u2019adresse suivante : Le Sartre, 31480 Garac,&nbsp;France<\/p>\t\t\t\t\t\t\t\t<\/div>\n\t\t\t\t<\/div>\n\t\t\t\t\t<\/div>\n\t\t<\/div>\n\t\t\t\t\t<\/div>\n\t\t<\/section>\n\t\t\t\t<\/div>\n\t\t","protected":false},"excerpt":{"rendered":"<p>Politique de confidentialit\u00e9 de PASSION GEOBIOLOGIE La pr\u00e9sente Politique de confidentialit\u00e9 d\u00e9crit la fa\u00e7on dont vos informations personnelles sont recueillies, utilis\u00e9es et partag\u00e9es lorsque vous vous rendez sur https:\/\/passion-geobiologie.fr\/ ou en utilisant nos formulaires de contact. INFORMATIONS PERSONNELLES RECUEILLIES Lorsque vous vous rendez sur le Site, nous recueillons automatiquement certaines informations concernant votre appareil, notamment [&hellip;]<\/p>\n","protected":false},"author":1,"featured_media":0,"parent":0,"menu_order":0,"comment_status":"closed","ping_status":"closed","template":"","meta":{"footnotes":""},"class_list":["post-958","page","type-page","status-publish","hentry","entry"],"yoast_head":"<!-- This site is optimized with the Yoast SEO plugin v27.5 - https:\/\/yoast.com\/product\/yoast-seo-wordpress\/ -->\n<title>Confidentialit\u00e9 - Passion G\u00e9obiologie<\/title>\n<meta name=\"robots\" content=\"index, follow, max-snippet:-1, max-image-preview:large, max-video-preview:-1\" \/>\n<link rel=\"canonical\" href=\"https:\/\/passion-geobiologie.fr\/index.php\/confidentialite\/\" \/>\n<meta property=\"og:locale\" content=\"fr_FR\" \/>\n<meta property=\"og:type\" content=\"article\" \/>\n<meta property=\"og:title\" content=\"Confidentialit\u00e9 - Passion G\u00e9obiologie\" \/>\n<meta property=\"og:description\" content=\"Politique de confidentialit\u00e9 de PASSION GEOBIOLOGIE La pr\u00e9sente Politique de confidentialit\u00e9 d\u00e9crit la fa\u00e7on dont vos informations personnelles sont recueillies, utilis\u00e9es et partag\u00e9es lorsque vous vous rendez sur https:\/\/passion-geobiologie.fr\/ ou en utilisant nos formulaires de contact. INFORMATIONS PERSONNELLES RECUEILLIES Lorsque vous vous rendez sur le Site, nous recueillons automatiquement certaines informations concernant votre appareil, notamment [&hellip;]\" \/>\n<meta property=\"og:url\" content=\"https:\/\/passion-geobiologie.fr\/index.php\/confidentialite\/\" \/>\n<meta property=\"og:site_name\" content=\"Passion G\u00e9obiologie\" \/>\n<meta property=\"article:publisher\" content=\"https:\/\/www.facebook.com\/TachyonsOccitanie\/\" \/>\n<meta property=\"article:modified_time\" content=\"2025-01-08T09:48:09+00:00\" \/>\n<meta property=\"og:image\" content=\"https:\/\/passion-geobiologie.fr\/wp-content\/uploads\/2023\/05\/En-tete-Accueil-1-scaled.jpeg\" \/>\n\t<meta property=\"og:image:width\" content=\"2560\" \/>\n\t<meta property=\"og:image:height\" content=\"775\" \/>\n\t<meta property=\"og:image:type\" content=\"image\/jpeg\" \/>\n<meta name=\"twitter:card\" content=\"summary_large_image\" \/>\n<meta name=\"twitter:label1\" content=\"Dur\u00e9e de lecture estim\u00e9e\" \/>\n\t<meta name=\"twitter:data1\" content=\"4 minutes\" \/>\n<script type=\"application\/ld+json\" class=\"yoast-schema-graph\">{\"@context\":\"https:\\\/\\\/schema.org\",\"@graph\":[{\"@type\":\"WebPage\",\"@id\":\"https:\\\/\\\/passion-geobiologie.fr\\\/index.php\\\/confidentialite\\\/\",\"url\":\"https:\\\/\\\/passion-geobiologie.fr\\\/index.php\\\/confidentialite\\\/\",\"name\":\"Confidentialit\u00e9 - Passion G\u00e9obiologie\",\"isPartOf\":{\"@id\":\"https:\\\/\\\/passion-geobiologie.fr\\\/#website\"},\"datePublished\":\"2023-06-22T09:05:40+00:00\",\"dateModified\":\"2025-01-08T09:48:09+00:00\",\"breadcrumb\":{\"@id\":\"https:\\\/\\\/passion-geobiologie.fr\\\/index.php\\\/confidentialite\\\/#breadcrumb\"},\"inLanguage\":\"fr-FR\",\"potentialAction\":[{\"@type\":\"ReadAction\",\"target\":[\"https:\\\/\\\/passion-geobiologie.fr\\\/index.php\\\/confidentialite\\\/\"]}]},{\"@type\":\"BreadcrumbList\",\"@id\":\"https:\\\/\\\/passion-geobiologie.fr\\\/index.php\\\/confidentialite\\\/#breadcrumb\",\"itemListElement\":[{\"@type\":\"ListItem\",\"position\":1,\"name\":\"Accueil\",\"item\":\"https:\\\/\\\/passion-geobiologie.fr\\\/\"},{\"@type\":\"ListItem\",\"position\":2,\"name\":\"Confidentialit\u00e9\"}]},{\"@type\":\"WebSite\",\"@id\":\"https:\\\/\\\/passion-geobiologie.fr\\\/#website\",\"url\":\"https:\\\/\\\/passion-geobiologie.fr\\\/\",\"name\":\"Passion G\u00e9obiologie\",\"description\":\"Votre sant\u00e9 d\u00e9pend aussi de celle de votre lieu de vie\",\"publisher\":{\"@id\":\"https:\\\/\\\/passion-geobiologie.fr\\\/#organization\"},\"alternateName\":\"Harmonisation des lieux de vie\",\"potentialAction\":[{\"@type\":\"SearchAction\",\"target\":{\"@type\":\"EntryPoint\",\"urlTemplate\":\"https:\\\/\\\/passion-geobiologie.fr\\\/?s={search_term_string}\"},\"query-input\":{\"@type\":\"PropertyValueSpecification\",\"valueRequired\":true,\"valueName\":\"search_term_string\"}}],\"inLanguage\":\"fr-FR\"},{\"@type\":\"Organization\",\"@id\":\"https:\\\/\\\/passion-geobiologie.fr\\\/#organization\",\"name\":\"Passion G\u00e9obiologie\",\"alternateName\":\"Tachyons Occitanie\",\"url\":\"https:\\\/\\\/passion-geobiologie.fr\\\/\",\"logo\":{\"@type\":\"ImageObject\",\"inLanguage\":\"fr-FR\",\"@id\":\"https:\\\/\\\/passion-geobiologie.fr\\\/#\\\/schema\\\/logo\\\/image\\\/\",\"url\":\"https:\\\/\\\/passion-geobiologie.fr\\\/wp-content\\\/uploads\\\/2023\\\/04\\\/logo_officiel-fond-transparent.-sans-texte-1.png\",\"contentUrl\":\"https:\\\/\\\/passion-geobiologie.fr\\\/wp-content\\\/uploads\\\/2023\\\/04\\\/logo_officiel-fond-transparent.-sans-texte-1.png\",\"width\":1410,\"height\":1232,\"caption\":\"Passion G\u00e9obiologie\"},\"image\":{\"@id\":\"https:\\\/\\\/passion-geobiologie.fr\\\/#\\\/schema\\\/logo\\\/image\\\/\"},\"sameAs\":[\"https:\\\/\\\/www.facebook.com\\\/TachyonsOccitanie\\\/\",\"https:\\\/\\\/www.instagram.com\\\/patrick_tachyons_occitanie\\\/\"]}]}<\/script>\n<!-- \/ Yoast SEO plugin. -->","yoast_head_json":{"title":"Confidentialit\u00e9 - Passion G\u00e9obiologie","robots":{"index":"index","follow":"follow","max-snippet":"max-snippet:-1","max-image-preview":"max-image-preview:large","max-video-preview":"max-video-preview:-1"},"canonical":"https:\/\/passion-geobiologie.fr\/index.php\/confidentialite\/","og_locale":"fr_FR","og_type":"article","og_title":"Confidentialit\u00e9 - Passion G\u00e9obiologie","og_description":"Politique de confidentialit\u00e9 de PASSION GEOBIOLOGIE La pr\u00e9sente Politique de confidentialit\u00e9 d\u00e9crit la fa\u00e7on dont vos informations personnelles sont recueillies, utilis\u00e9es et partag\u00e9es lorsque vous vous rendez sur https:\/\/passion-geobiologie.fr\/ ou en utilisant nos formulaires de contact. INFORMATIONS PERSONNELLES RECUEILLIES Lorsque vous vous rendez sur le Site, nous recueillons automatiquement certaines informations concernant votre appareil, notamment [&hellip;]","og_url":"https:\/\/passion-geobiologie.fr\/index.php\/confidentialite\/","og_site_name":"Passion G\u00e9obiologie","article_publisher":"https:\/\/www.facebook.com\/TachyonsOccitanie\/","article_modified_time":"2025-01-08T09:48:09+00:00","og_image":[{"width":2560,"height":775,"url":"https:\/\/passion-geobiologie.fr\/wp-content\/uploads\/2023\/05\/En-tete-Accueil-1-scaled.jpeg","type":"image\/jpeg"}],"twitter_card":"summary_large_image","twitter_misc":{"Dur\u00e9e de lecture estim\u00e9e":"4 minutes"},"schema":{"@context":"https:\/\/schema.org","@graph":[{"@type":"WebPage","@id":"https:\/\/passion-geobiologie.fr\/index.php\/confidentialite\/","url":"https:\/\/passion-geobiologie.fr\/index.php\/confidentialite\/","name":"Confidentialit\u00e9 - Passion G\u00e9obiologie","isPartOf":{"@id":"https:\/\/passion-geobiologie.fr\/#website"},"datePublished":"2023-06-22T09:05:40+00:00","dateModified":"2025-01-08T09:48:09+00:00","breadcrumb":{"@id":"https:\/\/passion-geobiologie.fr\/index.php\/confidentialite\/#breadcrumb"},"inLanguage":"fr-FR","potentialAction":[{"@type":"ReadAction","target":["https:\/\/passion-geobiologie.fr\/index.php\/confidentialite\/"]}]},{"@type":"BreadcrumbList","@id":"https:\/\/passion-geobiologie.fr\/index.php\/confidentialite\/#breadcrumb","itemListElement":[{"@type":"ListItem","position":1,"name":"Accueil","item":"https:\/\/passion-geobiologie.fr\/"},{"@type":"ListItem","position":2,"name":"Confidentialit\u00e9"}]},{"@type":"WebSite","@id":"https:\/\/passion-geobiologie.fr\/#website","url":"https:\/\/passion-geobiologie.fr\/","name":"Passion G\u00e9obiologie","description":"Votre sant\u00e9 d\u00e9pend aussi de celle de votre lieu de vie","publisher":{"@id":"https:\/\/passion-geobiologie.fr\/#organization"},"alternateName":"Harmonisation des lieux de vie","potentialAction":[{"@type":"SearchAction","target":{"@type":"EntryPoint","urlTemplate":"https:\/\/passion-geobiologie.fr\/?s={search_term_string}"},"query-input":{"@type":"PropertyValueSpecification","valueRequired":true,"valueName":"search_term_string"}}],"inLanguage":"fr-FR"},{"@type":"Organization","@id":"https:\/\/passion-geobiologie.fr\/#organization","name":"Passion G\u00e9obiologie","alternateName":"Tachyons Occitanie","url":"https:\/\/passion-geobiologie.fr\/","logo":{"@type":"ImageObject","inLanguage":"fr-FR","@id":"https:\/\/passion-geobiologie.fr\/#\/schema\/logo\/image\/","url":"https:\/\/passion-geobiologie.fr\/wp-content\/uploads\/2023\/04\/logo_officiel-fond-transparent.-sans-texte-1.png","contentUrl":"https:\/\/passion-geobiologie.fr\/wp-content\/uploads\/2023\/04\/logo_officiel-fond-transparent.-sans-texte-1.png","width":1410,"height":1232,"caption":"Passion G\u00e9obiologie"},"image":{"@id":"https:\/\/passion-geobiologie.fr\/#\/schema\/logo\/image\/"},"sameAs":["https:\/\/www.facebook.com\/TachyonsOccitanie\/","https:\/\/www.instagram.com\/patrick_tachyons_occitanie\/"]}]}},"_links":{"self":[{"href":"https:\/\/passion-geobiologie.fr\/index.php\/wp-json\/wp\/v2\/pages\/958","targetHints":{"allow":["GET"]}}],"collection":[{"href":"https:\/\/passion-geobiologie.fr\/index.php\/wp-json\/wp\/v2\/pages"}],"about":[{"href":"https:\/\/passion-geobiologie.fr\/index.php\/wp-json\/wp\/v2\/types\/page"}],"author":[{"embeddable":true,"href":"https:\/\/passion-geobiologie.fr\/index.php\/wp-json\/wp\/v2\/users\/1"}],"replies":[{"embeddable":true,"href":"https:\/\/passion-geobiologie.fr\/index.php\/wp-json\/wp\/v2\/comments?post=958"}],"version-history":[{"count":7,"href":"https:\/\/passion-geobiologie.fr\/index.php\/wp-json\/wp\/v2\/pages\/958\/revisions"}],"predecessor-version":[{"id":3165,"href":"https:\/\/passion-geobiologie.fr\/index.php\/wp-json\/wp\/v2\/pages\/958\/revisions\/3165"}],"wp:attachment":[{"href":"https:\/\/passion-geobiologie.fr\/index.php\/wp-json\/wp\/v2\/media?parent=958"}],"curies":[{"name":"wp","href":"https:\/\/api.w.org\/{rel}","templated":true}]}}