{"id":24,"date":"2023-05-02T11:35:08","date_gmt":"2023-05-02T09:35:08","guid":{"rendered":"https:\/\/passion-geobiologie.fr\/?page_id=24"},"modified":"2025-05-26T20:25:38","modified_gmt":"2025-05-26T18:25:38","slug":"contact","status":"publish","type":"page","link":"https:\/\/passion-geobiologie.fr\/index.php\/contact\/","title":{"rendered":"Contact"},"content":{"rendered":"\t\t<div data-elementor-type=\"wp-page\" data-elementor-id=\"24\" class=\"elementor elementor-24\">\n\t\t\t\t\t\t<section class=\"elementor-section elementor-top-section elementor-element elementor-element-1999da7 elementor-section-full_width elementor-section-height-default elementor-section-height-default\" data-id=\"1999da7\" data-element_type=\"section\" data-e-type=\"section\" data-settings=\"{&quot;background_background&quot;:&quot;classic&quot;}\">\n\t\t\t\t\t\t\t<div class=\"elementor-background-overlay\"><\/div>\n\t\t\t\t\t\t\t<div class=\"elementor-container elementor-column-gap-default\">\n\t\t\t\t\t<div class=\"elementor-column elementor-col-100 elementor-top-column elementor-element elementor-element-92460c9\" data-id=\"92460c9\" data-element_type=\"column\" data-e-type=\"column\">\n\t\t\t<div class=\"elementor-widget-wrap elementor-element-populated\">\n\t\t\t\t\t\t<div class=\"elementor-element elementor-element-dfd46e1 elementor-widget elementor-widget-heading\" data-id=\"dfd46e1\" data-element_type=\"widget\" data-e-type=\"widget\" data-widget_type=\"heading.default\">\n\t\t\t\t<div class=\"elementor-widget-container\">\n\t\t\t\t\t<h2 class=\"elementor-heading-title elementor-size-default\">Patrick Nowaczkowski \u00e0 Garac (31)\n<\/h2>\t\t\t\t<\/div>\n\t\t\t\t<\/div>\n\t\t\t\t\t<\/div>\n\t\t<\/div>\n\t\t\t\t\t<\/div>\n\t\t<\/section>\n\t\t\t\t<section class=\"elementor-section elementor-top-section elementor-element elementor-element-464c408 elementor-section-full_width elementor-section-height-default elementor-section-height-default\" data-id=\"464c408\" data-element_type=\"section\" data-e-type=\"section\">\n\t\t\t\t\t\t<div class=\"elementor-container elementor-column-gap-default\">\n\t\t\t\t\t<div class=\"elementor-column elementor-col-33 elementor-top-column elementor-element elementor-element-eb683e2\" data-id=\"eb683e2\" data-element_type=\"column\" data-e-type=\"column\" data-settings=\"{&quot;background_background&quot;:&quot;classic&quot;}\">\n\t\t\t<div class=\"elementor-widget-wrap elementor-element-populated\">\n\t\t\t\t\t\t<div class=\"elementor-element elementor-element-1342750 elementor-view-default elementor-widget elementor-widget-icon\" data-id=\"1342750\" data-element_type=\"widget\" data-e-type=\"widget\" data-widget_type=\"icon.default\">\n\t\t\t\t<div class=\"elementor-widget-container\">\n\t\t\t\t\t\t\t<div class=\"elementor-icon-wrapper\">\n\t\t\t<div class=\"elementor-icon\">\n\t\t\t<i aria-hidden=\"true\" class=\"fas fa-phone-alt\"><\/i>\t\t\t<\/div>\n\t\t<\/div>\n\t\t\t\t\t\t<\/div>\n\t\t\t\t<\/div>\n\t\t\t\t<div class=\"elementor-element elementor-element-fa6dbe8 elementor-widget elementor-widget-heading\" data-id=\"fa6dbe8\" data-element_type=\"widget\" data-e-type=\"widget\" data-widget_type=\"heading.default\">\n\t\t\t\t<div class=\"elementor-widget-container\">\n\t\t\t\t\t<h3 class=\"elementor-heading-title elementor-size-default\"><a href=\"tel:+33767004342\u200b\">07 67 00 43 42<\/a><\/h3>\t\t\t\t<\/div>\n\t\t\t\t<\/div>\n\t\t\t\t\t<\/div>\n\t\t<\/div>\n\t\t\t\t<div class=\"elementor-column elementor-col-33 elementor-top-column elementor-element elementor-element-52f0632\" data-id=\"52f0632\" data-element_type=\"column\" data-e-type=\"column\" data-settings=\"{&quot;background_background&quot;:&quot;classic&quot;}\">\n\t\t\t<div class=\"elementor-widget-wrap elementor-element-populated\">\n\t\t\t\t\t\t<div class=\"elementor-element elementor-element-d1e2e27 elementor-view-default elementor-widget elementor-widget-icon\" data-id=\"d1e2e27\" data-element_type=\"widget\" data-e-type=\"widget\" data-widget_type=\"icon.default\">\n\t\t\t\t<div class=\"elementor-widget-container\">\n\t\t\t\t\t\t\t<div class=\"elementor-icon-wrapper\">\n\t\t\t<div class=\"elementor-icon\">\n\t\t\t<i aria-hidden=\"true\" class=\"fas fa-map-pin\"><\/i>\t\t\t<\/div>\n\t\t<\/div>\n\t\t\t\t\t\t<\/div>\n\t\t\t\t<\/div>\n\t\t\t\t<div class=\"elementor-element elementor-element-977dc9b elementor-widget elementor-widget-heading\" data-id=\"977dc9b\" data-element_type=\"widget\" data-e-type=\"widget\" data-widget_type=\"heading.default\">\n\t\t\t\t<div class=\"elementor-widget-container\">\n\t\t\t\t\t<h3 class=\"elementor-heading-title elementor-size-default\"><a href=\"https:\/\/www.google.com\/maps?ll=43.692432,1.091273&#038;z=9&#038;t=m&#038;hl=fr-FR&#038;gl=US&#038;mapclient=embed&#038;q=30+Rte+de+Caubiac+31480+Garac\" target=\"_blank\">30, route de Caubiac\n31480 Garac\n<\/a><\/h3>\t\t\t\t<\/div>\n\t\t\t\t<\/div>\n\t\t\t\t\t<\/div>\n\t\t<\/div>\n\t\t\t\t<div class=\"elementor-column elementor-col-33 elementor-top-column elementor-element elementor-element-63c8ef6\" data-id=\"63c8ef6\" data-element_type=\"column\" data-e-type=\"column\" data-settings=\"{&quot;background_background&quot;:&quot;classic&quot;}\">\n\t\t\t<div class=\"elementor-widget-wrap elementor-element-populated\">\n\t\t\t\t\t\t<div class=\"elementor-element elementor-element-26bf2c1 elementor-view-default elementor-widget elementor-widget-icon\" data-id=\"26bf2c1\" data-element_type=\"widget\" data-e-type=\"widget\" data-widget_type=\"icon.default\">\n\t\t\t\t<div class=\"elementor-widget-container\">\n\t\t\t\t\t\t\t<div class=\"elementor-icon-wrapper\">\n\t\t\t<div class=\"elementor-icon\">\n\t\t\t<i aria-hidden=\"true\" class=\"far fa-envelope\"><\/i>\t\t\t<\/div>\n\t\t<\/div>\n\t\t\t\t\t\t<\/div>\n\t\t\t\t<\/div>\n\t\t\t\t<div class=\"elementor-element elementor-element-57d2f65 elementor-widget elementor-widget-heading\" data-id=\"57d2f65\" data-element_type=\"widget\" data-e-type=\"widget\" data-widget_type=\"heading.default\">\n\t\t\t\t<div class=\"elementor-widget-container\">\n\t\t\t\t\t<h3 class=\"elementor-heading-title elementor-size-default\"><a href=\"mailto:contact@passion-geobiologie.fr\">contact@passion-geobiologie.fr<\/a><\/h3>\t\t\t\t<\/div>\n\t\t\t\t<\/div>\n\t\t\t\t\t<\/div>\n\t\t<\/div>\n\t\t\t\t\t<\/div>\n\t\t<\/section>\n\t\t\t\t<section class=\"elementor-section elementor-top-section elementor-element elementor-element-21550b3 elementor-section-boxed elementor-section-height-default elementor-section-height-default\" data-id=\"21550b3\" data-element_type=\"section\" data-e-type=\"section\">\n\t\t\t\t\t\t<div class=\"elementor-container elementor-column-gap-default\">\n\t\t\t\t\t<div class=\"elementor-column elementor-col-50 elementor-top-column elementor-element elementor-element-d589425\" data-id=\"d589425\" data-element_type=\"column\" data-e-type=\"column\">\n\t\t\t<div class=\"elementor-widget-wrap elementor-element-populated\">\n\t\t\t\t\t\t<div class=\"elementor-element elementor-element-d45076b elementor-widget elementor-widget-wpforms\" data-id=\"d45076b\" data-element_type=\"widget\" data-e-type=\"widget\" data-widget_type=\"wpforms.default\">\n\t\t\t\t<div class=\"elementor-widget-container\">\n\t\t\t\t\t<div class=\"wpforms-container wpforms-container-full wpforms-render-modern\" id=\"wpforms-215\"><form id=\"wpforms-form-215\" class=\"wpforms-validate wpforms-form wpforms-ajax-form\" data-formid=\"215\" method=\"post\" enctype=\"multipart\/form-data\" action=\"\/index.php\/wp-json\/wp\/v2\/pages\/24\" data-token=\"d01a711e759ec79bd8962da88ab42da8\" data-token-time=\"1776028597\"><noscript class=\"wpforms-error-noscript\">Veuillez activer JavaScript dans votre navigateur pour remplir ce formulaire.<\/noscript><div id=\"wpforms-error-noscript\" style=\"display: none;\">Veuillez activer JavaScript dans votre navigateur pour remplir ce formulaire.<\/div><div class=\"wpforms-field-container\"><div id=\"wpforms-215-field_0-container\" class=\"wpforms-field wpforms-field-name\" data-field-id=\"0\"><fieldset><legend class=\"wpforms-field-label\">Identit\u00e9 <span class=\"wpforms-required-label\" aria-hidden=\"true\">*<\/span><\/legend><div class=\"wpforms-field-row wpforms-field-medium\"><div class=\"wpforms-field-row-block wpforms-first wpforms-one-half\"><input type=\"text\" id=\"wpforms-215-field_0\" class=\"wpforms-field-name-first wpforms-field-required\" name=\"wpforms[fields][0][first]\" aria-errormessage=\"wpforms-215-field_0-error\" required><label for=\"wpforms-215-field_0\" class=\"wpforms-field-sublabel after\">Pr\u00e9nom<\/label><\/div><div class=\"wpforms-field-row-block wpforms-one-half\"><input type=\"text\" id=\"wpforms-215-field_0-last\" class=\"wpforms-field-name-last wpforms-field-required\" name=\"wpforms[fields][0][last]\" aria-errormessage=\"wpforms-215-field_0-last-error\" required><label for=\"wpforms-215-field_0-last\" class=\"wpforms-field-sublabel after\">Nom<\/label><\/div><\/div><\/fieldset><\/div><div id=\"wpforms-215-field_1-container\" class=\"wpforms-field wpforms-field-email\" data-field-id=\"1\"><label class=\"wpforms-field-label\" for=\"wpforms-215-field_1\">E-mail <span class=\"wpforms-required-label\" aria-hidden=\"true\">*<\/span><\/label><input type=\"email\" id=\"wpforms-215-field_1\" class=\"wpforms-field-medium wpforms-field-required\" name=\"wpforms[fields][1]\" spellcheck=\"false\" aria-errormessage=\"wpforms-215-field_1-error\" required><\/div><div id=\"wpforms-215-field_3-container\" class=\"wpforms-field wpforms-field-number\" data-field-id=\"3\"><label class=\"wpforms-field-label\" for=\"wpforms-215-field_3\">T\u00e9l\u00e9phone<\/label><input type=\"number\" id=\"wpforms-215-field_3\" class=\"wpforms-field-medium\" name=\"wpforms[fields][3]\" step=\"any\" aria-errormessage=\"wpforms-215-field_3-error\" ><\/div><div id=\"wpforms-215-field_2-container\" class=\"wpforms-field wpforms-field-textarea\" data-field-id=\"2\"><label class=\"wpforms-field-label\" for=\"wpforms-215-field_2\">Message<\/label><textarea id=\"wpforms-215-field_2\" class=\"wpforms-field-medium\" name=\"wpforms[fields][2]\" aria-errormessage=\"wpforms-215-field_2-error\" ><\/textarea><\/div><\/div><!-- .wpforms-field-container --><div class=\"wpforms-recaptcha-container wpforms-is-recaptcha wpforms-is-recaptcha-type-v3\" ><input type=\"hidden\" name=\"wpforms[recaptcha]\" value=\"\"><\/div><div class=\"wpforms-submit-container\" ><input type=\"hidden\" name=\"wpforms[id]\" value=\"215\"><input type=\"hidden\" name=\"page_title\" value=\"\"><input type=\"hidden\" name=\"page_url\" value=\"https:\/\/passion-geobiologie.fr\/index.php\/wp-json\/wp\/v2\/pages\/24\"><input type=\"hidden\" name=\"url_referer\" value=\"\"><button type=\"submit\" name=\"wpforms[submit]\" id=\"wpforms-submit-215\" class=\"wpforms-submit btnformulaire\" data-alt-text=\"Envoi...\" data-submit-text=\"Envoyer\" aria-live=\"assertive\" value=\"wpforms-submit\">Envoyer<\/button><img decoding=\"async\" src=\"https:\/\/passion-geobiologie.fr\/wp-content\/plugins\/wpforms-lite\/assets\/images\/submit-spin.svg\" class=\"wpforms-submit-spinner\" style=\"display: none;\" width=\"26\" height=\"26\" alt=\"Chargement en cours\"><\/div><\/form><\/div>  <!-- .wpforms-container -->\t\t\t\t<\/div>\n\t\t\t\t<\/div>\n\t\t\t\t\t<\/div>\n\t\t<\/div>\n\t\t\t\t<div class=\"elementor-column elementor-col-50 elementor-top-column elementor-element elementor-element-085cd09\" data-id=\"085cd09\" data-element_type=\"column\" data-e-type=\"column\">\n\t\t\t<div class=\"elementor-widget-wrap elementor-element-populated\">\n\t\t\t\t\t\t<div class=\"elementor-element elementor-element-c4d518d elementor-widget elementor-widget-google_maps\" data-id=\"c4d518d\" data-element_type=\"widget\" data-e-type=\"widget\" data-widget_type=\"google_maps.default\">\n\t\t\t\t<div class=\"elementor-widget-container\">\n\t\t\t\t\t\t\t<div class=\"elementor-custom-embed\">\n\t\t\t<iframe loading=\"lazy\"\n\t\t\t\t\tsrc=\"https:\/\/maps.google.com\/maps?q=30%2C%20route%20de%20Caubiac%2031480%20Garac&#038;t=m&#038;z=9&#038;output=embed&#038;iwloc=near\"\n\t\t\t\t\ttitle=\"30, route de Caubiac 31480 Garac\"\n\t\t\t\t\taria-label=\"30, route de Caubiac 31480 Garac\"\n\t\t\t><\/iframe>\n\t\t<\/div>\n\t\t\t\t\t\t<\/div>\n\t\t\t\t<\/div>\n\t\t\t\t\t<\/div>\n\t\t<\/div>\n\t\t\t\t\t<\/div>\n\t\t<\/section>\n\t\t\t\t<section class=\"elementor-section elementor-top-section elementor-element elementor-element-2eba1bf2 elementor-section-full_width elementor-section-height-default elementor-section-height-default\" data-id=\"2eba1bf2\" data-element_type=\"section\" data-e-type=\"section\">\n\t\t\t\t\t\t<div class=\"elementor-container elementor-column-gap-default\">\n\t\t\t\t\t<div class=\"elementor-column elementor-col-100 elementor-top-column elementor-element elementor-element-274fd6c\" data-id=\"274fd6c\" data-element_type=\"column\" data-e-type=\"column\">\n\t\t\t<div class=\"elementor-widget-wrap elementor-element-populated\">\n\t\t\t\t\t\t<div class=\"elementor-element elementor-element-33490ddb elementor-widget elementor-widget-image\" data-id=\"33490ddb\" data-element_type=\"widget\" data-e-type=\"widget\" data-widget_type=\"image.default\">\n\t\t\t\t<div class=\"elementor-widget-container\">\n\t\t\t\t\t\t\t\t\t\t\t\t\t\t\t<img fetchpriority=\"high\" decoding=\"async\" width=\"589\" height=\"626\" src=\"https:\/\/passion-geobiologie.fr\/wp-content\/uploads\/2023\/05\/Symbole-sacre-.png\" class=\"attachment-full size-full wp-image-358\" alt=\"\" srcset=\"https:\/\/passion-geobiologie.fr\/wp-content\/uploads\/2023\/05\/Symbole-sacre-.png 589w, https:\/\/passion-geobiologie.fr\/wp-content\/uploads\/2023\/05\/Symbole-sacre--282x300.png 282w\" sizes=\"(max-width: 589px) 100vw, 589px\" \/>\t\t\t\t\t\t\t\t\t\t\t\t\t\t\t<\/div>\n\t\t\t\t<\/div>\n\t\t\t\t\t<\/div>\n\t\t<\/div>\n\t\t\t\t\t<\/div>\n\t\t<\/section>\n\t\t\t\t<\/div>\n\t\t","protected":false},"excerpt":{"rendered":"<p>Patrick Nowaczkowski \u00e0 Garac (31) 07 67 00 43 42 30, route de Caubiac 31480 Garac contact@passion-geobiologie.fr Veuillez activer JavaScript dans votre navigateur pour remplir ce formulaire.Veuillez activer JavaScript dans votre navigateur pour remplir ce formulaire. Identit\u00e9 * Pr\u00e9nomNom E-mail *T\u00e9l\u00e9phoneMessage Envoyer<\/p>\n","protected":false},"author":1,"featured_media":69,"parent":0,"menu_order":0,"comment_status":"closed","ping_status":"closed","template":"","meta":{"footnotes":""},"class_list":["post-24","page","type-page","status-publish","has-post-thumbnail","hentry","entry","has-media"],"yoast_head":"<!-- This site is optimized with the Yoast SEO plugin v27.3 - https:\/\/yoast.com\/product\/yoast-seo-wordpress\/ -->\n<title>Contact - Passion G\u00e9obiologie<\/title>\n<meta name=\"robots\" content=\"index, follow, max-snippet:-1, max-image-preview:large, max-video-preview:-1\" \/>\n<link rel=\"canonical\" href=\"https:\/\/passion-geobiologie.fr\/index.php\/contact\/\" \/>\n<meta property=\"og:locale\" content=\"fr_FR\" \/>\n<meta property=\"og:type\" content=\"article\" \/>\n<meta property=\"og:title\" content=\"Contact - Passion G\u00e9obiologie\" \/>\n<meta property=\"og:description\" content=\"Patrick Nowaczkowski \u00e0 Garac (31) 07 67 00 43 42 30, route de Caubiac 31480 Garac contact@passion-geobiologie.fr Veuillez activer JavaScript dans votre navigateur pour remplir ce formulaire.Veuillez activer JavaScript dans votre navigateur pour remplir ce formulaire. Identit\u00e9 * Pr\u00e9nomNom E-mail *T\u00e9l\u00e9phoneMessage Envoyer\" \/>\n<meta property=\"og:url\" content=\"https:\/\/passion-geobiologie.fr\/index.php\/contact\/\" \/>\n<meta property=\"og:site_name\" content=\"Passion G\u00e9obiologie\" \/>\n<meta property=\"article:publisher\" content=\"https:\/\/www.facebook.com\/TachyonsOccitanie\/\" \/>\n<meta property=\"article:modified_time\" content=\"2025-05-26T18:25:38+00:00\" \/>\n<meta property=\"og:image\" content=\"https:\/\/passion-geobiologie.fr\/wp-content\/uploads\/2023\/05\/En-tete-Contact-scaled.jpeg\" \/>\n\t<meta property=\"og:image:width\" content=\"2560\" \/>\n\t<meta property=\"og:image:height\" content=\"706\" \/>\n\t<meta property=\"og:image:type\" content=\"image\/jpeg\" \/>\n<meta name=\"twitter:card\" content=\"summary_large_image\" \/>\n<meta name=\"twitter:label1\" content=\"Dur\u00e9e de lecture estim\u00e9e\" \/>\n\t<meta name=\"twitter:data1\" content=\"1 minute\" \/>\n<script type=\"application\/ld+json\" class=\"yoast-schema-graph\">{\"@context\":\"https:\\\/\\\/schema.org\",\"@graph\":[{\"@type\":\"WebPage\",\"@id\":\"https:\\\/\\\/passion-geobiologie.fr\\\/index.php\\\/contact\\\/\",\"url\":\"https:\\\/\\\/passion-geobiologie.fr\\\/index.php\\\/contact\\\/\",\"name\":\"Contact - Passion G\u00e9obiologie\",\"isPartOf\":{\"@id\":\"https:\\\/\\\/passion-geobiologie.fr\\\/#website\"},\"primaryImageOfPage\":{\"@id\":\"https:\\\/\\\/passion-geobiologie.fr\\\/index.php\\\/contact\\\/#primaryimage\"},\"image\":{\"@id\":\"https:\\\/\\\/passion-geobiologie.fr\\\/index.php\\\/contact\\\/#primaryimage\"},\"thumbnailUrl\":\"https:\\\/\\\/passion-geobiologie.fr\\\/wp-content\\\/uploads\\\/2023\\\/05\\\/En-tete-Contact-scaled.jpeg\",\"datePublished\":\"2023-05-02T09:35:08+00:00\",\"dateModified\":\"2025-05-26T18:25:38+00:00\",\"breadcrumb\":{\"@id\":\"https:\\\/\\\/passion-geobiologie.fr\\\/index.php\\\/contact\\\/#breadcrumb\"},\"inLanguage\":\"fr-FR\",\"potentialAction\":[{\"@type\":\"ReadAction\",\"target\":[\"https:\\\/\\\/passion-geobiologie.fr\\\/index.php\\\/contact\\\/\"]}]},{\"@type\":\"ImageObject\",\"inLanguage\":\"fr-FR\",\"@id\":\"https:\\\/\\\/passion-geobiologie.fr\\\/index.php\\\/contact\\\/#primaryimage\",\"url\":\"https:\\\/\\\/passion-geobiologie.fr\\\/wp-content\\\/uploads\\\/2023\\\/05\\\/En-tete-Contact-scaled.jpeg\",\"contentUrl\":\"https:\\\/\\\/passion-geobiologie.fr\\\/wp-content\\\/uploads\\\/2023\\\/05\\\/En-tete-Contact-scaled.jpeg\",\"width\":2560,\"height\":706,\"caption\":\"Banderole de contact de passion g\u00e9obiologie \u00e0 Garac\"},{\"@type\":\"BreadcrumbList\",\"@id\":\"https:\\\/\\\/passion-geobiologie.fr\\\/index.php\\\/contact\\\/#breadcrumb\",\"itemListElement\":[{\"@type\":\"ListItem\",\"position\":1,\"name\":\"Accueil\",\"item\":\"https:\\\/\\\/passion-geobiologie.fr\\\/\"},{\"@type\":\"ListItem\",\"position\":2,\"name\":\"Contact\"}]},{\"@type\":\"WebSite\",\"@id\":\"https:\\\/\\\/passion-geobiologie.fr\\\/#website\",\"url\":\"https:\\\/\\\/passion-geobiologie.fr\\\/\",\"name\":\"Passion G\u00e9obiologie\",\"description\":\"Votre sant\u00e9 d\u00e9pend aussi de celle de votre lieu de vie\",\"publisher\":{\"@id\":\"https:\\\/\\\/passion-geobiologie.fr\\\/#organization\"},\"alternateName\":\"Harmonisation des lieux de vie\",\"potentialAction\":[{\"@type\":\"SearchAction\",\"target\":{\"@type\":\"EntryPoint\",\"urlTemplate\":\"https:\\\/\\\/passion-geobiologie.fr\\\/?s={search_term_string}\"},\"query-input\":{\"@type\":\"PropertyValueSpecification\",\"valueRequired\":true,\"valueName\":\"search_term_string\"}}],\"inLanguage\":\"fr-FR\"},{\"@type\":\"Organization\",\"@id\":\"https:\\\/\\\/passion-geobiologie.fr\\\/#organization\",\"name\":\"Passion G\u00e9obiologie\",\"alternateName\":\"Tachyons Occitanie\",\"url\":\"https:\\\/\\\/passion-geobiologie.fr\\\/\",\"logo\":{\"@type\":\"ImageObject\",\"inLanguage\":\"fr-FR\",\"@id\":\"https:\\\/\\\/passion-geobiologie.fr\\\/#\\\/schema\\\/logo\\\/image\\\/\",\"url\":\"https:\\\/\\\/passion-geobiologie.fr\\\/wp-content\\\/uploads\\\/2023\\\/04\\\/logo_officiel-fond-transparent.-sans-texte-1.png\",\"contentUrl\":\"https:\\\/\\\/passion-geobiologie.fr\\\/wp-content\\\/uploads\\\/2023\\\/04\\\/logo_officiel-fond-transparent.-sans-texte-1.png\",\"width\":1410,\"height\":1232,\"caption\":\"Passion G\u00e9obiologie\"},\"image\":{\"@id\":\"https:\\\/\\\/passion-geobiologie.fr\\\/#\\\/schema\\\/logo\\\/image\\\/\"},\"sameAs\":[\"https:\\\/\\\/www.facebook.com\\\/TachyonsOccitanie\\\/\",\"https:\\\/\\\/www.instagram.com\\\/patrick_tachyons_occitanie\\\/\"]}]}<\/script>\n<!-- \/ Yoast SEO plugin. -->","yoast_head_json":{"title":"Contact - Passion G\u00e9obiologie","robots":{"index":"index","follow":"follow","max-snippet":"max-snippet:-1","max-image-preview":"max-image-preview:large","max-video-preview":"max-video-preview:-1"},"canonical":"https:\/\/passion-geobiologie.fr\/index.php\/contact\/","og_locale":"fr_FR","og_type":"article","og_title":"Contact - Passion G\u00e9obiologie","og_description":"Patrick Nowaczkowski \u00e0 Garac (31) 07 67 00 43 42 30, route de Caubiac 31480 Garac contact@passion-geobiologie.fr Veuillez activer JavaScript dans votre navigateur pour remplir ce formulaire.Veuillez activer JavaScript dans votre navigateur pour remplir ce formulaire. Identit\u00e9 * Pr\u00e9nomNom E-mail *T\u00e9l\u00e9phoneMessage Envoyer","og_url":"https:\/\/passion-geobiologie.fr\/index.php\/contact\/","og_site_name":"Passion G\u00e9obiologie","article_publisher":"https:\/\/www.facebook.com\/TachyonsOccitanie\/","article_modified_time":"2025-05-26T18:25:38+00:00","og_image":[{"width":2560,"height":706,"url":"https:\/\/passion-geobiologie.fr\/wp-content\/uploads\/2023\/05\/En-tete-Contact-scaled.jpeg","type":"image\/jpeg"}],"twitter_card":"summary_large_image","twitter_misc":{"Dur\u00e9e de lecture estim\u00e9e":"1 minute"},"schema":{"@context":"https:\/\/schema.org","@graph":[{"@type":"WebPage","@id":"https:\/\/passion-geobiologie.fr\/index.php\/contact\/","url":"https:\/\/passion-geobiologie.fr\/index.php\/contact\/","name":"Contact - Passion G\u00e9obiologie","isPartOf":{"@id":"https:\/\/passion-geobiologie.fr\/#website"},"primaryImageOfPage":{"@id":"https:\/\/passion-geobiologie.fr\/index.php\/contact\/#primaryimage"},"image":{"@id":"https:\/\/passion-geobiologie.fr\/index.php\/contact\/#primaryimage"},"thumbnailUrl":"https:\/\/passion-geobiologie.fr\/wp-content\/uploads\/2023\/05\/En-tete-Contact-scaled.jpeg","datePublished":"2023-05-02T09:35:08+00:00","dateModified":"2025-05-26T18:25:38+00:00","breadcrumb":{"@id":"https:\/\/passion-geobiologie.fr\/index.php\/contact\/#breadcrumb"},"inLanguage":"fr-FR","potentialAction":[{"@type":"ReadAction","target":["https:\/\/passion-geobiologie.fr\/index.php\/contact\/"]}]},{"@type":"ImageObject","inLanguage":"fr-FR","@id":"https:\/\/passion-geobiologie.fr\/index.php\/contact\/#primaryimage","url":"https:\/\/passion-geobiologie.fr\/wp-content\/uploads\/2023\/05\/En-tete-Contact-scaled.jpeg","contentUrl":"https:\/\/passion-geobiologie.fr\/wp-content\/uploads\/2023\/05\/En-tete-Contact-scaled.jpeg","width":2560,"height":706,"caption":"Banderole de contact de passion g\u00e9obiologie \u00e0 Garac"},{"@type":"BreadcrumbList","@id":"https:\/\/passion-geobiologie.fr\/index.php\/contact\/#breadcrumb","itemListElement":[{"@type":"ListItem","position":1,"name":"Accueil","item":"https:\/\/passion-geobiologie.fr\/"},{"@type":"ListItem","position":2,"name":"Contact"}]},{"@type":"WebSite","@id":"https:\/\/passion-geobiologie.fr\/#website","url":"https:\/\/passion-geobiologie.fr\/","name":"Passion G\u00e9obiologie","description":"Votre sant\u00e9 d\u00e9pend aussi de celle de votre lieu de vie","publisher":{"@id":"https:\/\/passion-geobiologie.fr\/#organization"},"alternateName":"Harmonisation des lieux de vie","potentialAction":[{"@type":"SearchAction","target":{"@type":"EntryPoint","urlTemplate":"https:\/\/passion-geobiologie.fr\/?s={search_term_string}"},"query-input":{"@type":"PropertyValueSpecification","valueRequired":true,"valueName":"search_term_string"}}],"inLanguage":"fr-FR"},{"@type":"Organization","@id":"https:\/\/passion-geobiologie.fr\/#organization","name":"Passion G\u00e9obiologie","alternateName":"Tachyons Occitanie","url":"https:\/\/passion-geobiologie.fr\/","logo":{"@type":"ImageObject","inLanguage":"fr-FR","@id":"https:\/\/passion-geobiologie.fr\/#\/schema\/logo\/image\/","url":"https:\/\/passion-geobiologie.fr\/wp-content\/uploads\/2023\/04\/logo_officiel-fond-transparent.-sans-texte-1.png","contentUrl":"https:\/\/passion-geobiologie.fr\/wp-content\/uploads\/2023\/04\/logo_officiel-fond-transparent.-sans-texte-1.png","width":1410,"height":1232,"caption":"Passion G\u00e9obiologie"},"image":{"@id":"https:\/\/passion-geobiologie.fr\/#\/schema\/logo\/image\/"},"sameAs":["https:\/\/www.facebook.com\/TachyonsOccitanie\/","https:\/\/www.instagram.com\/patrick_tachyons_occitanie\/"]}]}},"_links":{"self":[{"href":"https:\/\/passion-geobiologie.fr\/index.php\/wp-json\/wp\/v2\/pages\/24","targetHints":{"allow":["GET"]}}],"collection":[{"href":"https:\/\/passion-geobiologie.fr\/index.php\/wp-json\/wp\/v2\/pages"}],"about":[{"href":"https:\/\/passion-geobiologie.fr\/index.php\/wp-json\/wp\/v2\/types\/page"}],"author":[{"embeddable":true,"href":"https:\/\/passion-geobiologie.fr\/index.php\/wp-json\/wp\/v2\/users\/1"}],"replies":[{"embeddable":true,"href":"https:\/\/passion-geobiologie.fr\/index.php\/wp-json\/wp\/v2\/comments?post=24"}],"version-history":[{"count":52,"href":"https:\/\/passion-geobiologie.fr\/index.php\/wp-json\/wp\/v2\/pages\/24\/revisions"}],"predecessor-version":[{"id":1998,"href":"https:\/\/passion-geobiologie.fr\/index.php\/wp-json\/wp\/v2\/pages\/24\/revisions\/1998"}],"wp:featuredmedia":[{"embeddable":true,"href":"https:\/\/passion-geobiologie.fr\/index.php\/wp-json\/wp\/v2\/media\/69"}],"wp:attachment":[{"href":"https:\/\/passion-geobiologie.fr\/index.php\/wp-json\/wp\/v2\/media?parent=24"}],"curies":[{"name":"wp","href":"https:\/\/api.w.org\/{rel}","templated":true}]}}